{"id":9,"date":"2022-06-30T14:02:26","date_gmt":"2022-06-30T12:02:26","guid":{"rendered":"https:\/\/www.montblancskiguidecompagnie.com\/?page_id=9"},"modified":"2024-05-22T15:17:22","modified_gmt":"2024-05-22T13:17:22","slug":"mentions-legales","status":"publish","type":"page","link":"https:\/\/www.montblancskiguidescompagnie.com\/index.php\/mentions-legales\/","title":{"rendered":"Mentions l\u00e9gales"},"content":{"rendered":"\n<p><\/p>\n\n\n\n<p><strong>SAS COMPAGNIE DES GUIDES DE CHAMONIX MONT-BLANC<\/strong><br><\/p>\n\n\n\n<p>190, place de l\u2019\u00e9glise 74 400 CHAMONIX<br>Contact : info@chamonix-guides.com \/ +33 (0)4 50 53 00 88<br>SAS au capital social de 364 400\u20ac &#8211; R.C.S Annecy &#8211; SIRET 448 519 306 00014 &#8211; Code APE 7911 Z<br>TVA intercommunautaire FR 23 446 519 306 &#8211; Immatriculation ATOUT France IM074 150011<br>Responsabilit\u00e9 civile professionnelle : MMA IARD &#8211; 14 Bd Marie et Alexandre Oyon &#8211; 72 000 LE MANS &#8211; Police 125 901 025<br>Garantie financi\u00e8re : GROUPAMA ASSURANCE&nbsp; &#8211;&nbsp; 5, rue du centre &#8211;&nbsp; 93199 NOISY-le-GRAND Cedex&nbsp;&nbsp; &#8211;&nbsp; Contrat n\u00b0 4000713874\/1<br>Num\u00e9ro de d\u00e9claration simplifi\u00e9e Cnil : 1983849 v 0<\/p>\n\n\n\n<p><strong>ESF LES HOUCHES<\/strong><\/p>\n\n\n\n<div class=\"wp-block-group\"><div class=\"wp-block-group__inner-container is-layout-flow wp-block-group-is-layout-flow\">\n<p>Directeur de la publication : C\u00e9dric&nbsp;DESAILLOUD<br>Ce site est \u00e9dit\u00e9 par : Syndicat Local des Moniteurs du Ski Fran\u00e7ais de Les Houches, syndicat professionnel r\u00e9gi par la loi du 21 mars 1884<br>Adresse : BP 5 &#8211; 74310 LES HOUCHES<br>T\u00e9l\u00e9phone : +33 (0)4 50 54 48 79<br>Contact par mail :&nbsp;<a href=\"https:\/\/www.esf-leshouches.com\/contact\">formulaire de contact<\/a><br>Enregistr\u00e9e \u00e0 la mairie des Houches<br>Num\u00e9ro Siret : 329 000 491 00012<br>Code APE : 9411Z correspondant \u00e0 l\u2019activit\u00e9 : \u00ab Activit\u00e9s des organisations patronales et consulaires \u00bb<\/p>\n<\/div><\/div>\n\n\n\n<p><strong>ESF CHAMONIX<\/strong><\/p>\n\n\n\n<p>Directeur de la publication : S\u00e9bastien GICQUEL<br>Syndicat Local des Moniteurs du Ski Fran\u00e7ais de Chamonix, syndicat professionnel r\u00e9gi par<br>la loi du 21 mars 1884<br>Adresse : ESF Chamonix &#8211; Maison de la montagne \u2013 190 Place de l\u2019Eglise &#8211; 74400<br>Chamonix &#8211; France<br>T\u00e9l\u00e9phone : 00 33 4 50 53 22 57<br>Contact par mail : https:\/\/www.esfchamonix.com\/contact<br>Enregistr\u00e9e \u00e0 la mairie de Chamonix<br>Num\u00e9ro Siret : 32887751900012<br>Code APE 9411Z correspondant \u00e0 l\u2019activit\u00e9 d\u2019enseignement de disciplines sportives et<br>d\u2019activit\u00e9s de loisirs<\/p>\n\n\n\n<p><strong>CONCEPTION, R\u00c9ALISATION<\/strong>, <strong>H\u00c9BERGEMENT<\/strong><\/p>\n\n\n\n<p><strong>Cybergraph<\/strong><br>268 Route du Bouchet,<br>74400 Chamonix Mont-Blanc<\/p>\n\n\n\n<p>SARL &#8211; SIRET 490311446000028 &#8211; Code APE 1812Z<\/p>\n\n\n\n<p>Contact : +33 (0)4 50 48 10<\/p>\n","protected":false},"excerpt":{"rendered":"<p>SAS COMPAGNIE DES GUIDES DE CHAMONIX MONT-BLANC 190, place de l\u2019\u00e9glise 74 400 CHAMONIXContact : info@chamonix-guides.com \/ +33 (0)4 50 53 00 88SAS au capital social de 364 400\u20ac &#8211; R.C.S Annecy &#8211; SIRET 448 519 306 00014 &#8211; Code APE 7911 ZTVA intercommunautaire FR 23 446 519 306 &#8211; Immatriculation ATOUT France IM074 150011Responsabilit\u00e9 &hellip; <\/p>\n<p class=\"link-more\"><a href=\"https:\/\/www.montblancskiguidescompagnie.com\/index.php\/mentions-legales\/\" class=\"more-link\">Continuer la lecture<span class=\"screen-reader-text\"> de &laquo;&nbsp;Mentions l\u00e9gales&nbsp;&raquo;<\/span><\/a><\/p>\n","protected":false},"author":1,"featured_media":0,"parent":0,"menu_order":0,"comment_status":"closed","ping_status":"closed","template":"","meta":{"footnotes":""},"class_list":["post-9","page","type-page","status-publish","hentry"],"yoast_head":"<!-- This site is optimized with the Yoast SEO plugin v27.3 - https:\/\/yoast.com\/product\/yoast-seo-wordpress\/ -->\n<title>Mentions l\u00e9gales - Mont Blanc Ski Discovery<\/title>\n<meta name=\"robots\" content=\"index, follow, max-snippet:-1, max-image-preview:large, max-video-preview:-1\" \/>\n<link rel=\"canonical\" href=\"https:\/\/www.montblancskiguidescompagnie.com\/index.php\/mentions-legales\/\" \/>\n<meta property=\"og:locale\" content=\"fr_FR\" \/>\n<meta property=\"og:type\" content=\"article\" \/>\n<meta property=\"og:title\" content=\"Mentions l\u00e9gales - Mont Blanc Ski Discovery\" \/>\n<meta property=\"og:description\" content=\"SAS COMPAGNIE DES GUIDES DE CHAMONIX MONT-BLANC 190, place de l\u2019\u00e9glise 74 400 CHAMONIXContact : info@chamonix-guides.com \/ +33 (0)4 50 53 00 88SAS au capital social de 364 400\u20ac &#8211; R.C.S Annecy &#8211; SIRET 448 519 306 00014 &#8211; Code APE 7911 ZTVA intercommunautaire FR 23 446 519 306 &#8211; Immatriculation ATOUT France IM074 150011Responsabilit\u00e9 &hellip; Continuer la lecture de &laquo;&nbsp;Mentions l\u00e9gales&nbsp;&raquo;\" \/>\n<meta property=\"og:url\" content=\"https:\/\/www.montblancskiguidescompagnie.com\/index.php\/mentions-legales\/\" \/>\n<meta property=\"og:site_name\" content=\"Mont Blanc Ski Discovery\" \/>\n<meta property=\"article:modified_time\" content=\"2024-05-22T13:17:22+00:00\" \/>\n<meta name=\"twitter:card\" content=\"summary_large_image\" \/>\n<meta name=\"twitter:label1\" content=\"Dur\u00e9e de lecture estim\u00e9e\" \/>\n\t<meta name=\"twitter:data1\" content=\"2 minutes\" \/>\n<script type=\"application\/ld+json\" class=\"yoast-schema-graph\">{\"@context\":\"https:\\\/\\\/schema.org\",\"@graph\":[{\"@type\":\"WebPage\",\"@id\":\"https:\\\/\\\/www.montblancskiguidescompagnie.com\\\/index.php\\\/mentions-legales\\\/\",\"url\":\"https:\\\/\\\/www.montblancskiguidescompagnie.com\\\/index.php\\\/mentions-legales\\\/\",\"name\":\"Mentions l\u00e9gales - Mont Blanc Ski Discovery\",\"isPartOf\":{\"@id\":\"https:\\\/\\\/www.montblancskiguidescompagnie.com\\\/#website\"},\"datePublished\":\"2022-06-30T12:02:26+00:00\",\"dateModified\":\"2024-05-22T13:17:22+00:00\",\"breadcrumb\":{\"@id\":\"https:\\\/\\\/www.montblancskiguidescompagnie.com\\\/index.php\\\/mentions-legales\\\/#breadcrumb\"},\"inLanguage\":\"fr-FR\",\"potentialAction\":[{\"@type\":\"ReadAction\",\"target\":[\"https:\\\/\\\/www.montblancskiguidescompagnie.com\\\/index.php\\\/mentions-legales\\\/\"]}]},{\"@type\":\"BreadcrumbList\",\"@id\":\"https:\\\/\\\/www.montblancskiguidescompagnie.com\\\/index.php\\\/mentions-legales\\\/#breadcrumb\",\"itemListElement\":[{\"@type\":\"ListItem\",\"position\":1,\"name\":\"Accueil\",\"item\":\"https:\\\/\\\/www.montblancskiguidescompagnie.com\\\/\"},{\"@type\":\"ListItem\",\"position\":2,\"name\":\"Mentions l\u00e9gales\"}]},{\"@type\":\"WebSite\",\"@id\":\"https:\\\/\\\/www.montblancskiguidescompagnie.com\\\/#website\",\"url\":\"https:\\\/\\\/www.montblancskiguidescompagnie.com\\\/\",\"name\":\"Mont Blanc Ski Discovery\",\"description\":\"Skiez les plus beaux itin\u00e9raires hors piste qui ont fait la l\u00e9gende du Massif du Mont Blanc et de la Vall\u00e9e de Chamonix !\",\"publisher\":{\"@id\":\"https:\\\/\\\/www.montblancskiguidescompagnie.com\\\/#organization\"},\"potentialAction\":[{\"@type\":\"SearchAction\",\"target\":{\"@type\":\"EntryPoint\",\"urlTemplate\":\"https:\\\/\\\/www.montblancskiguidescompagnie.com\\\/?s={search_term_string}\"},\"query-input\":{\"@type\":\"PropertyValueSpecification\",\"valueRequired\":true,\"valueName\":\"search_term_string\"}}],\"inLanguage\":\"fr-FR\"},{\"@type\":\"Organization\",\"@id\":\"https:\\\/\\\/www.montblancskiguidescompagnie.com\\\/#organization\",\"name\":\"Mont Blanc Ski Discovery\",\"url\":\"https:\\\/\\\/www.montblancskiguidescompagnie.com\\\/\",\"logo\":{\"@type\":\"ImageObject\",\"inLanguage\":\"fr-FR\",\"@id\":\"https:\\\/\\\/www.montblancskiguidescompagnie.com\\\/#\\\/schema\\\/logo\\\/image\\\/\",\"url\":\"https:\\\/\\\/www.montblancskiguidecompagnie.com\\\/wp-content\\\/uploads\\\/2022\\\/08\\\/logo-mont-blanc-ski-guide.png\",\"contentUrl\":\"https:\\\/\\\/www.montblancskiguidecompagnie.com\\\/wp-content\\\/uploads\\\/2022\\\/08\\\/logo-mont-blanc-ski-guide.png\",\"width\":477,\"height\":167,\"caption\":\"Mont Blanc Ski Discovery\"},\"image\":{\"@id\":\"https:\\\/\\\/www.montblancskiguidescompagnie.com\\\/#\\\/schema\\\/logo\\\/image\\\/\"}}]}<\/script>\n<!-- \/ Yoast SEO plugin. -->","yoast_head_json":{"title":"Mentions l\u00e9gales - Mont Blanc Ski Discovery","robots":{"index":"index","follow":"follow","max-snippet":"max-snippet:-1","max-image-preview":"max-image-preview:large","max-video-preview":"max-video-preview:-1"},"canonical":"https:\/\/www.montblancskiguidescompagnie.com\/index.php\/mentions-legales\/","og_locale":"fr_FR","og_type":"article","og_title":"Mentions l\u00e9gales - Mont Blanc Ski Discovery","og_description":"SAS COMPAGNIE DES GUIDES DE CHAMONIX MONT-BLANC 190, place de l\u2019\u00e9glise 74 400 CHAMONIXContact : info@chamonix-guides.com \/ +33 (0)4 50 53 00 88SAS au capital social de 364 400\u20ac &#8211; R.C.S Annecy &#8211; SIRET 448 519 306 00014 &#8211; Code APE 7911 ZTVA intercommunautaire FR 23 446 519 306 &#8211; Immatriculation ATOUT France IM074 150011Responsabilit\u00e9 &hellip; Continuer la lecture de &laquo;&nbsp;Mentions l\u00e9gales&nbsp;&raquo;","og_url":"https:\/\/www.montblancskiguidescompagnie.com\/index.php\/mentions-legales\/","og_site_name":"Mont Blanc Ski Discovery","article_modified_time":"2024-05-22T13:17:22+00:00","twitter_card":"summary_large_image","twitter_misc":{"Dur\u00e9e de lecture estim\u00e9e":"2 minutes"},"schema":{"@context":"https:\/\/schema.org","@graph":[{"@type":"WebPage","@id":"https:\/\/www.montblancskiguidescompagnie.com\/index.php\/mentions-legales\/","url":"https:\/\/www.montblancskiguidescompagnie.com\/index.php\/mentions-legales\/","name":"Mentions l\u00e9gales - Mont Blanc Ski Discovery","isPartOf":{"@id":"https:\/\/www.montblancskiguidescompagnie.com\/#website"},"datePublished":"2022-06-30T12:02:26+00:00","dateModified":"2024-05-22T13:17:22+00:00","breadcrumb":{"@id":"https:\/\/www.montblancskiguidescompagnie.com\/index.php\/mentions-legales\/#breadcrumb"},"inLanguage":"fr-FR","potentialAction":[{"@type":"ReadAction","target":["https:\/\/www.montblancskiguidescompagnie.com\/index.php\/mentions-legales\/"]}]},{"@type":"BreadcrumbList","@id":"https:\/\/www.montblancskiguidescompagnie.com\/index.php\/mentions-legales\/#breadcrumb","itemListElement":[{"@type":"ListItem","position":1,"name":"Accueil","item":"https:\/\/www.montblancskiguidescompagnie.com\/"},{"@type":"ListItem","position":2,"name":"Mentions l\u00e9gales"}]},{"@type":"WebSite","@id":"https:\/\/www.montblancskiguidescompagnie.com\/#website","url":"https:\/\/www.montblancskiguidescompagnie.com\/","name":"Mont Blanc Ski Discovery","description":"Skiez les plus beaux itin\u00e9raires hors piste qui ont fait la l\u00e9gende du Massif du Mont Blanc et de la Vall\u00e9e de Chamonix !","publisher":{"@id":"https:\/\/www.montblancskiguidescompagnie.com\/#organization"},"potentialAction":[{"@type":"SearchAction","target":{"@type":"EntryPoint","urlTemplate":"https:\/\/www.montblancskiguidescompagnie.com\/?s={search_term_string}"},"query-input":{"@type":"PropertyValueSpecification","valueRequired":true,"valueName":"search_term_string"}}],"inLanguage":"fr-FR"},{"@type":"Organization","@id":"https:\/\/www.montblancskiguidescompagnie.com\/#organization","name":"Mont Blanc Ski Discovery","url":"https:\/\/www.montblancskiguidescompagnie.com\/","logo":{"@type":"ImageObject","inLanguage":"fr-FR","@id":"https:\/\/www.montblancskiguidescompagnie.com\/#\/schema\/logo\/image\/","url":"https:\/\/www.montblancskiguidecompagnie.com\/wp-content\/uploads\/2022\/08\/logo-mont-blanc-ski-guide.png","contentUrl":"https:\/\/www.montblancskiguidecompagnie.com\/wp-content\/uploads\/2022\/08\/logo-mont-blanc-ski-guide.png","width":477,"height":167,"caption":"Mont Blanc Ski Discovery"},"image":{"@id":"https:\/\/www.montblancskiguidescompagnie.com\/#\/schema\/logo\/image\/"}}]}},"_links":{"self":[{"href":"https:\/\/www.montblancskiguidescompagnie.com\/index.php\/wp-json\/wp\/v2\/pages\/9","targetHints":{"allow":["GET"]}}],"collection":[{"href":"https:\/\/www.montblancskiguidescompagnie.com\/index.php\/wp-json\/wp\/v2\/pages"}],"about":[{"href":"https:\/\/www.montblancskiguidescompagnie.com\/index.php\/wp-json\/wp\/v2\/types\/page"}],"author":[{"embeddable":true,"href":"https:\/\/www.montblancskiguidescompagnie.com\/index.php\/wp-json\/wp\/v2\/users\/1"}],"replies":[{"embeddable":true,"href":"https:\/\/www.montblancskiguidescompagnie.com\/index.php\/wp-json\/wp\/v2\/comments?post=9"}],"version-history":[{"count":7,"href":"https:\/\/www.montblancskiguidescompagnie.com\/index.php\/wp-json\/wp\/v2\/pages\/9\/revisions"}],"predecessor-version":[{"id":353,"href":"https:\/\/www.montblancskiguidescompagnie.com\/index.php\/wp-json\/wp\/v2\/pages\/9\/revisions\/353"}],"wp:attachment":[{"href":"https:\/\/www.montblancskiguidescompagnie.com\/index.php\/wp-json\/wp\/v2\/media?parent=9"}],"curies":[{"name":"wp","href":"https:\/\/api.w.org\/{rel}","templated":true}]}}